is divided by 28827.
19
What is the remainder when 12874 is divided by 12?
10
Calculate the remainder when 1255 is divided by 90.
85
Calculate the remainder when 102537 is divided by 462.
435
Calculate the remainder when 21193 is divided by 119.
11
What is the remainder when 1177 is divided by 85?
72
What is the remainder when 3036 is divided by 326?
102
What is the remainder when 1161763 is divided by 58088?
3
What is the remainder when 42772 is divided by 42722?
50
Calculate the remainder when 18427 is divided by 838.
829
What is the remainder when 34676 is divided by 6837?
491
Calculate the remainder when 110038 is divided by 106.
10
Calculate the remainder when 623 is divided by 578.
45
What is the remainder when 6059 is divided by 166?
83
What is the remainder when 15742 is divided by 871?
64
What is the remainder when 32009 is divided by 136?
49
Calculate the remainder when 1957 is divided by 495.
472
Calculate the remainder when 18673 is divided by 54.
43
Calculate the remainder when 3040 is divided by 3034.
6
Calculate the remainder when 25013 is divided by 212.
209
What is the remainder when 13682 is divided by 173?
15
Calculate the remainder when 11826 is divided by 1240.
666
Calculate the remainder when 75809 is divided by 92.
1
What is the remainder when 138 is divided by 56?
26
What is the remainder when 3196 is divided by 732?
268
What is the remainder when 16864 is divided by 1350?
664
What is the remainder when 23787 is divided by 36?
27
Calculate the remainder when 246052 is divided by 90.
82
Calculate the remainder when 557321 is divided by 46443.
5
Calculate the remainder when 8378 is divided by 2042.
210
Calculate the remainder when 4076 is divided by 1323.
107
What is the remainder when 1412 is divided by 318?
140
Calculate the remainder when 71215 is divided by 41.
39
What is the remainder when 1588 is divided by 80?
68
What is the remainder when 138142 is divided by 103?
19
Calculate the remainder when 4312 is divided by 2143.
26
What is the remainder when 126684 is divided by 349?
346
Calculate the remainder when 506 is divided by 491.
15
Calculate the remainder when 37027 is divided by 726.
1
Calculate the remainder when 216836 is divided by 2930.
16
Calculate the remainder when 10910 is divided by 16.
14
What is the remainder when 20905 is divided by 5225?
5
Calculate the remainder when 265043 is divided by 3681.
11
Calculate the remainder when 1002184 is divided by 83514.
16
What is the remainder when 1323 is divided by 61?
42
What is the remainder when 100485 is divided by 53?
50
Calculate the remainder when 544850 is divided by 136209.
14
Calculate the remainder when 36370 is divided by 9021.
286
Calculate the remainder when 3506 is divided by 3443.
63
Calculate the remainder when 4340 is divided by 151.
112
What is the remainder when 308656 is divided by 55?
51
What is the remainder when 8043047 is divided by 117?
116
Calculate the remainder when 4919 is divided by 330.
299
Calculate the remainder when 20522 is divided by 112.
26
Calculate the remainder when 298 is divided by 95.
13
Calculate the remainder when 45726 is divided by 802.
12
Calculate the remainder when 11105 is divided by 34.
21
Calculate the remainder when 8516 is divided by 17.
16
Calculate the remainder when 156609 is divided by 27.
9
What is the remainder when 99705 is divided by 33224?
33
What is the remainder when 925519 is divided by 230?
229
Calculate the remainder when 4620 is divided by 262.
166
What is the remainder when 2174 is divided by 1441?
733
Calculate the remainder when 14001 is divided by 3956.
2133
Calculate the remainder when 13035 is divided by 12991.
44
What is the remainder when 1201 is divided by 135?
121
Calculate the remainder when 26069 is divided by 3256.
21
What is the remainder when 8379 is divided by 599?
592
What is the remainder when 55969 is divided by 636?
1
What is the remainder when 12686 is divided by 423?
419
What is the remainder when 89636 is divided by 6398?
64
Calculate the remainder when 30089 is divided by 50.
39
Calculate the remainder when 51845 is divided by 174.
167
What is the remainder when 1014 is divided by 459?
96
Calculate the remainder when 959397 is divided by 60.
57
What is the remainder when 14346 is divided by 286?
46
What is the remainder when 304368 is divided by 188?
184
Calculate the remainder when 6278 is divided by 1552.
70
Calculate the remainder when 2369 is divided by 278.
145
Calculate the remainder when 1492883 is divided by 77.
7
What is the remainder when 90204 is divided by 145?
14
Calculate the remainder when 7110 is divided by 5914.
1196
Calculate the remainder when 369047 is divided by 610.
607
Calculate the remainder when 6896 is divided by 92.
88
Calculate the remainder when 91158 is divided by 30354.
96
What is the remainder when 357353 is divided by 561?
557
Calculate the remainder when 8537 is divided by 4109.
319
What is the remainder when 1123 is divided by 137?
27
What is the remainder when 14719 is divided by 734?
39
Calculate the remainder when 864411 is divided by 224.
219
Calculate the remainder when 135802 is divided by 128.
122
Calculate the remainder when 2479 is divided by 2421.
58
Calculate the remainder when 3451 is divided by 251.
188
What is the remainder when 7968 is divided by 356?
136
What is the remainder when 118697 is divided by 39555?
32
Calculate the remainder when 4823 is divided by 46.
39
Calculate the remainder when 38015 is divided by 297.
296
What is the remainder when 10866 is divided by 381?
198
What is the remainder when 4252 is divided by 74?
34
Calculate the remainder when 5617 is divided by 717.
598
What is the remainder when 65991 is divided by 6592?
71
Calculate the remainder when 83509 is divided by 11.
8
What is the remainder when 5610 is divided by 53?
45
Calculate the remainder when 7722 is divided by 1924.
26
What is the remainder when 1851 is divided by 809?
233
Calculate the remainder when 16428 is divided by 71.
27
Calculate the remainder when 9036 is divided by 562.
44
Calculate the remainder when 22390 is divided by 24.
22
What is the remainder when 6094881 is divided by 12?
9
Calculate the remainder when 6905 is divided by 448.
185
Calculate the remainder when 1957 is divided by 245.
242
Calculate the remainder when 145405 is divided by 13.
0
What is the remainder when 38904 is divided by 397?
395
Calculate the remainder when 7833 is divided by 2609.
6
Calculate the remainder when 13582 is divided by 21.
16
Calculate the remainder when 995 is divided by 49.
15
Calculate the remainder when 208382 is divided by 459.
455
Calculate the remainder when 568758 is divided by 95.
88
What is the remainder when 25584 is divided by 291?
267
Calculate the remainder when 428832 is divided by 11285.
2
What is the remainder when 2633 is divided by 360?
113
Calculate the remainder when 2001 is divided by 322.
69
What is the remainder when 69632 is divided by 1421?
3
Calculate the remainder when 1364 is divided by 114.
110
Calculate the remainder when 1583 is divided by 511.
50
What is the remainder when 156945 is divided by 15694?
5
Calculate the remainder when 110929 is divided by 516.
505
Calculate the remainder when 242987 is divided by 55.
52
What is the remainder when 33744 is divided by 67?
43
What is the remainder when 7599 is divided by 92?
55
What is the remainder when 879197 is divided by 46?
45
Calculate the remainder when 431 is divided by 329.
102
Calculate the remainder when 8586 is divided by 8456.
130
What is the remainder when 1857122 is divided by 125?
122
What is the remainder when 45094 is divided by 67?
3
What is the remainder when 7661 is divided by 170?
11
What is the remainder when 41793 is divided by 3213?
24
What is the remainder when 89631 is divided by 7?
3
What is the remainder when 618237 is divided by 192?
189
Calculate the remainder when 4670 is divided by 568.
126
What is the remainder when 1873 is divided by 44?
25
What is the remainder when 17818 is divided by 222?
58
What is the remainder when 24010 is divided by 59?
56
Calculate the remainder when 63742 is divided by 15880.
222
Calculate the remainder when 716 is divided by 328.
60
What is the remainder when 192794 is divided by 50?
44
Calculate 